base 3?
102202122002100
What is 1320334022 (base 5) in base 15?
450a92
What is -21a9798 (base 11) in base 10?
-3863516
Convert -11100000001000000100 (base 2) to base 9.
-1648252
Convert 10000110101011000000111 (base 2) to base 13.
bb6807
-1642854 (base 12) to base 5
-2132112332
What is -1101 (base 10) in base 8?
-2115
Convert b56b64 (base 13) to base 16.
40bae7
What is -3a2459b (base 12) in base 4?
-223312201013
1143233413 (base 5) to base 7
32022633
What is 401214 (base 8) in base 6?
2453500
What is -1654736 (base 8) in base 11?
-2a9a52
What is 2e99fd (base 16) in base 2?
1011101001100111111101
2100112220022 (base 3) to base 12
503a8b
-101a3 (base 16) to base 3
-10100110210
Convert 31a87 (base 14) to base 2.
11101010100000111
What is 79dc (base 16) in base 2?
111100111011100
What is -32100003210 (base 4) in base 3?
-21000210112020
Convert d2add9 (base 14) to base 6.
412052243
-1957da2 (base 14) to base 8
-60001772
Convert 2beb (base 16) to base 14.
4151
Convert 1262036 (base 10) to base 2.
100110100000111010100
What is 72c414 (base 14) in base 6?
215021202
What is 137285 (base 9) in base 8?
244152
10518145 (base 10) to base 11
5a34490
What is 202210010 (base 5) in base 14?
174872
Convert -25574 (base 11) to base 16.
-8f0f
What is 1264d (base 15) in base 4?
32112232
What is 322110112 (base 4) in base 12?
b629a
-58aa8a (base 11) to base 8
-3446051
-1100010100 (base 2) to base 14
-404
-240057 (base 9) to base 12
-6b68a
-10770105 (base 9) to base 6
-304210005
What is 15677 (base 10) in base 13?
719c
What is -249358 (base 11) in base 6?
-12231435
1207444 (base 12) to base 7
41501335
What is -32200100300 (base 4) in base 8?
-16402060
Convert -192489a (base 11) to base 13.
-8a0458
What is -3245467 (base 8) in base 6?
-30401235
What is -d34ad (base 16) in base 3?
-1121222011211
Convert -2a424 (base 16) to base 8.
-522044
110010110111001110 (base 2) to base 8
626716
Convert 11440120 (base 6) to base 12.
156040
What is 6516105 (base 7) in base 3?
1111100202210
52413 (base 14) to base 5
22321434
17d69 (base 14) to base 16
eb69
-264cf (base 16) to base 3
-21222012100
Convert 30213011 (base 5) to base 2.
111010111111011111
Convert -1000101000000011011 (base 2) to base 16.
-4501b
-2320233310 (base 4) to base 10
-756724
What is -1644822 (base 11) in base 14?
-52d5a3
-27202 (base 13) to base 2
-10001110010001001
-1033771 (base 8) to base 13
-98ac2
Convert -77461 (base 9) to base 5.
-3121114
-13502251 (base 6) to base 16
-70237
What is -54185 (base 15) in base 5?
-32020400
Convert 254724 (base 8) to base 9.
144388
Convert -240442 (base 13) to base 9.
-1546314
208a61 (base 11) to base 15
68e87
What is -10323130321 (base 4) in base 11?
-802847
Convert 10c3df (base 16) to base 9.
2054138
-146552 (base 8) to base 7
-306212
What is 51425 (base 11) in base 2?
10010010100100111
What is -4010311112 (base 5) in base 15?
-a60e8c
What is -2935084 (base 11) in base 4?
-103033100303
-1000000011011011111 (base 2) to base 10
-263903
-73d17b (base 14) to base 10
-3915993
What is 200231052 (base 6) in base 4?
30320323220
11000111001001000 (base 2) to base 7
603155
3142344 (base 7) to base 12
164053
What is 248a40 (base 16) in base 14?
4649b2
What is 201210331 (base 4) in base 14?
3819b
Convert 22311020300 (base 4) to base 7.
33063140
Convert -3320011 (base 4) to base 13.
-72c4
-1201321333 (base 4) to base 2
-1100001111001111111
Convert -115012 (base 7) to base 13.
-96b2
What is -220043134 (base 5) in base 4?
-3211212003
374a (base 11) to base 2
1001100011110
Convert -5650 (base 14) to base 15.
-467b
Convert 120245 (base 12) to base 10.
290645
-1712167 (base 8) to base 11
-30a24a
What is 3213102000 (base 4) in base 5?
220303303
What is -117624 (base 9) in base 10?
-71221
Convert 24033322 (base 5) to base 10.
221087
-10654222 (base 7) to base 9
-1678464
5571161 (base 8) to base 7
15532265
What is 121010 (base 5) in base 10?
4505
Convert 1010010110101001111 (base 2) to base 4.
1102311033
Convert 247644 (base 9) to base 8.
444723
Convert -838986 (base 15) to base 14.
-b8bc70
Convert -46744 (base 10) to base 2.
-1011011010011000
-12b9359 (base 14) to base 11
-5123822
Convert 344372 (base 8) to base 6.
2301334
What is -10221010100101 (base 3) in base 2?
-111111101111110000110
What is -c5187 (base 13) in base 9?
-588530
10341140 (base 7) to base 3
1122220121022
Convert -410443430 (base 5) to base 4.
-12110110303
-1224002013 (base 5) to base 15
-3d5123
Convert -3004123131 (base 5) to base 13.
-12c6805
134032a (base 11) to base 6
121331241
-1113435 (base 7) to base 11
-94843
173224 (base 9) to base 10
107347
Convert -179486c (base 13) to base 11.
-4384a73
-134230121 (base 5) to base 9
-1270236
-781a6 (base 11) to base 14
-2d460
What is -100530 (base 9) in base 6?
-1135213
What is -2315d (base 14) in base 7?
-503546
What is 233330200 (base 4) in base 8?
577440
-1613828 (base 10) to base 13
-446738
What is -6166043 (base 9) in base 4?
-30203211102
Convert 21404106 (base 8) to base 16.
460846
What is -1000111110101110100 (base 2) in base 3?
-112221122112
2010120100201 (base 3) to base 10
1133128
Convert 91ac7b (base 14) to base 5.
2224034413
What is 1948383 (base 11) in base 14?
619330
-100011100010100011110110 (base 2) to base 14
-1347394
-100233340 (base 5) to base 6
-12320124
201262 (base 8) to base 7
364036
Convert 1e2a4 (base 16) to base 12.
5b604
Convert 7687575 (base 9) to base 15.
569665
15108dd (base 15) to base 8
72105705
37b945 (base 13) to base 14
26c263
10010111101111010000 (base 2) to base 4
2113233100
20312313 (base 5) to base 16
28ab7
Convert 202022120022 (base 3) to base 16.
61a21
Convert 405532 (base 9) to base 6.
5052215
What is -22103133000 (base 4) in base 14?
-5045c4
Convert -100110011110001000100 (base 2) to base 3.
-2101001020100
What is 445557 (base 10) in base 5?
103224212
1537316 (base 8) to base 11
282145
What is -13158007 (base 9) in base 13?
-145926a
-10001222001 (base 3) to base 5
-3413411
Convert -211101220002 (base 3) to base 2.
-1101011101010000110
Convert 701ef (base 16) to base 8.
1600757
What is 4208467 (base 9) in base 16?
22555f
Convert -10332032 (base 4) to base 7.
-113243
Convert 186633 (base 9) to base 11.
7a523
What is -47a25 (base 11) in base 13?
-255ca
Convert -20211121110 (base 3) to base 16.
-20db4
-330077 (base 9) to base 6
-4115324
What is 8a1945 (base 11) in base 14?
295b15
621262 (base 9) to base 8
1317353
What is -1331021211 (base 4) in base 16?
-7d265
Convert 21371014 (base 8) to base 6.
242125552
Convert 31324324 (base 6) to base 13.
25c975
Convert -22303023 (base 4) to base 2.
-1010110011001011
What is -1422014143 (base 5) in base 4?
-32020113222
What is 303200021 (base 4) in base 7?
1536011
What is 300002 (base 8) in base 12?
48a82
-335997 (base 11) to base 9
-1004702
What is 3265758 (base 9) in base 12?
708298
What is -321203422 (base 6) in base 14?
-a75458
Convert -111111110100111010 (base 2) to base 8.
-776472
Convert 123209 (base 10) to base 8.
360511
Convert 2768031 (base 10) to base 13.
75bbb6
What is -25a107 (base 11) in base 7?
-3321451
What is 10618 (base 16) in base 4?
100120120
Convert -144552355 (base 6) to base 8.
-13441557
What is 7358089 (base 10) in base 12?
256a1a1
What is 38a18 (base 15) in base 5?
21244043
28f573 (base 16) to base 4
22033111303
-2550650 (base 8) to base 14
-146572
What is -2002200001 (base 3) in base 5?
-2310221
2036546 (base 7) to base 10
244838
970607 (base 10) to base 12
3a983b
Convert -1202222011 (base 3) to base 10.
-34969
Convert 12022113023 (base 4) to base 7.
16505231
What is 33130323330 (base 4) in base 5?
2014110214
Convert 433524 (base 9) to base 8.
770675
Convert -21d1c (base 16) to base 6.
-2545152
Convert 8794 (base 11) to base 14.
4326
-42374 (base 9) to base 11
-1a056
3142731 (base 10) to base 3
12220200000110
1bc52d7 (base 14) to base 11
7948a78
-285239 (base 10) to base 7
-2265413
121210012111 (base 3) to base 9
553174
Convert -202664445 (base 7) to base 3.
-211100122200210
11000110110001010101 (base 2) to base 7
6630442
641a14 (base 12) to base 6
53502424
-41b58 (base 12) to base 3
-11101102012
38ac1a (base 13) to base 4
11031211310
Convert 228039 (base 10) to base 3.
102120210220
What is -111575 (base 13) in base 9?
-673718
33584 (base 9) to base 6
251251
8d21b (base 14) t